 6*q - 15. Let p = q + -2. Let k(x) = 6*x**2 - 2*x + 1. Calculate k(p).
5
Let h = -6 - -9. Let l(t) = h*t - 59 - 2*t + 45. What is l(6)?
-8
Let s(c) = -2 + 7 - 3*c + 4*c. Give s(-7).
-2
Let j(a) be the third derivative of 0 - 1/6*a**3 - a**2 + 1/60*a**5 + 1/24*a**4 + 0*a. Suppose 2*x + 2*z - 1 = 1, -5*z + 21 = -3*x. Give j(x).
1
Let x(q) = -6*q**2 + q. Suppose -z - v + 8 = -2*v, 4*v = -4*z + 24. Suppose z - 8 = -y. Give x(y).
-5
Let u(f) be the second derivative of 0 - 10*f + 2*f**2 - f**3 + 1/20*f**5 - 1/4*f**4. Calculate u(4).
-4
Let s be 9/6*(-10)/(-3). Let b(v) be the first derivative of v**4/4 - 2*v**3 + 3*v**2/2 + 6*v - 2. Give b(s).
-4
Let l(y) = -y + 0 + 6 + 13 - 6. Give l(6).
7
Let f(i) = 4 - i**3 - i + 9*i - 2 + 3 - 4*i**2. Determine f(-5).
-10
Let g(f) = f + 2. Let w(p) = 2*p**3 - 2*p**2 + 3*p - 2. Let j be w(2). Suppose 5*o + 0*h = -4*h - 15, -5*h = -4*o - j. What is g(o)?
-1
Let f(o) = -o**3 - o**2 - o - 4. Suppose 5*i - 3*g + 9 = 0, -g = -3*i - 2*g + 3. Give f(i).
-4
Let n(l) = 3 - 2*l + 0*l - 3*l + 4*l. Let c be n(6). Let r(x) = -x. Give r(c).
3
Let c(u) = -u**3 - 4*u**2 - u - 4. Suppose 4*f + 15 = -f. What is c(f)?
-10
Let q(j) be the second derivative of -j**4/12 - j**3/3 + 3*j**2/2 + j. Let d be (3 - 5/2)*-6. Determine q(d).
0
Let m(w) = 0*w + 1 - w - 10. Let q be ((-16)/(-20))/(-2 - (-18)/10). Determine m(q).
-5
Suppose -12 = -4*z - 0. Suppose 23 = -z*l - 3*j + j, 3*j + 32 = -4*l. Let v(y) = -5*y + 5. Let o(s) = 11*s - 11. Let x(m) = l*v(m) - 2*o(m). Give x(2).
3
Let f(c) = -c**3 - 7*c**2 - 6*c - 3. Let w be f(-6). Let o(j) = j**3 + 2*j**2 - 3*j + 3. What is o(w)?
3
Let v(a) = -10*a - 6. Let o(y) = -y. Let q(k) = 12*o(k) - v(k). Suppose 3*h - 5*r - 10 = -4*r, 2*r = 2*h. Give q(h).
-4
Let b = 13 + -11. Let u(y) be the second derivative of -y**3/2 + y**2/2 + 2*y. What is u(b)?
-5
Let y(f) = f**3 + 3*f**2 - 4*f - 2. Let k(z) = z**3 + 4*z**2 - 4*z + 2. Let c be k(-5). What is y(c)?
10
Let g be 4/3 + 2/3. Let o be 6/10 - (-60)/25. Suppose -o*r = g*r. Let w(c) = c**3 - c**2 + 7. Calculate w(r).
7
Let c = 10 - 6. Let i(z) = 7*z + 7. Suppose 0 = l - 2*h - 1, -5 = 2*h - h. Let u(b) = 3*b + 3. Let x(g) = l*u(g) + 4*i(g). What is x(c)?
5
Let j(w) = -5*w**2 + w. Let o be j(-1). Let a be 20/(-6) - 2/o. Let p(u) be the second derivative of u**4/12 + u**3 - u**2/2 - 2*u - 2. Determine p(a).
-10
Let k be (2 - (-1 + 2))*5. Let s(t) = t - 17. Let z(f) be the first derivative of -f**2/2 + 16*f - 3. Let m(w) = 5*s(w) + 6*z(w). Give m(k).
6
Let q(b) = -b**3 - 1. Let c = 10 - 0. Let m be 5/c + (-2)/4. What is q(m)?
-1
Let z(a) = a - 1. Let v be z(-4). Let w = v + 10. Let u(f) = -w - 2*f - 6 + f. What is u(-5)?
-6
Suppose -2*l + 4 = -l. Let m(s) = 0 - 3*s + 2 - 3 + s**2. What is m(l)?
3
Let j(y) = -5*y + 1. Suppose 3 = a + 4. Give j(a).
6
Let t be (-70)/(-20) - (-2)/4. Let m(v) = v**2 - 6*v + 6. Let i(d) = -3*d**2 + 18*d - 18. Let f(b) = 2*i(b) + 7*m(b). Calculate f(t).
-2
Suppose -13 = 5*a - 2*o, 6*a - 3*o + 12 = a. Let k(c) = 4 - 1 + 2*c**2 + 5*c + 2*c**2 - 2*c**2. Give k(a).
6
Let x = 3 - 1. Let f(y) be the first derivative of -1/3*y**3 - 3*y + 1 + 5/2*y**x. Determine f(3).
3
Suppose 5 = 5*y - 5. Let x be 0 - (0 + -1 - y). Let s(f) be the second derivative of -f**3/2 + 3*f**2/2 + f. Determine s(x).
-6
Let a(b) = 5*b - 1. Suppose 33 = -6*m + 21. Give a(m).
-11
Let s(i) = -3 + i - 3 - 3*i. Determine s(-6).
6
Let r(f) = -f**2 + 8*f + 3. Let b be r(8). Let c(o) = -o**2 + 2 + 5 - b*o**2 + 3*o**2. Calculate c(0).
7
Suppose 0 = 4*w + 22 - 6. Let y(n) = -n**2 - 5*n - 1. Let a be y(w). Suppose a*g = 4*g. Let b(o) = -o**2 + o - 4. Give b(g).
-4
Suppose -i = d, 5*i + 2*d + 10 + 2 = 0. Let z(u) = -u**3 - 5*u**2 - u. Let h(l) = l**3 + 5*l**2 + 2*l + 1. Let k(y) = -6*h(y) - 5*z(y). Give k(i).
6
Let k(t) be the third derivative of -t**6/360 - t**5/20 - t**4/24 - t**3/3 - 2*t**2. Let s(d) be the first derivative of k(d). Give s(-5).
4
Let a = -4 + 6. Suppose -4 = -3*i + 4*f, 0*i - 2*i = 5*f + 5. Let z(m) = i*m**2 + 2 + 3*m - 5 - m**2. Give z(a).
-1
Suppose 0 = y + p - 12, -y + 23 = 5*p - 5. Let b = y + -3. Let s(m) be the first derivative of -m**3/3 + 2*m**2 + 4*m + 1. Determine s(b).
-1
Let g(v) = 2*v + 1. Let n(o) = -o + 6. Let a be n(-10). Suppose -u = 3*u - a. Let x be u/(-1*2) - 0. Give g(x).
-3
Let z(p) = -p**3 - 5*p**2 - 4*p + 2. Suppose -18 = 5*r + 12. Let m be r/(-21) + (-2)/7. Suppose m = -f - 3*f - 16. What is z(f)?
2
Suppose y - 38 = -5*k, 4*k = 5*y + 18 - 121. Let z = 16 - y. Let s(n) = n**3 + 7*n**2 - 2*n - 8. Calculate s(z).
6
Let h(b) = 2*b - 6. Let x be h(4). Let f be 5/(-10) + 3/x. Let g(j) = -2*j. Calculate g(f).
-2
Let r(h) = -5*h**2 + 16. Let s(d) = -d**2 + 4. Let v(g) = -2*r(g) + 9*s(g). Suppose 6*w - 11*w = 0. Give v(w).
4
Let j(a) = 9*a**2 + 4 - 1 - 4 - 2*a. Let b = 36 - 37. Calculate j(b).
10
Let j be 20/3 - ((-16)/(-12))/2. Let d(l) = l**2 - 6*l + 5. Calculate d(j).
5
Let q(n) = -n**2 - 7 - n + 3 + 6 - n**2 + n**3. Suppose 1 = v - 1. Calculate q(v).
0
Let d(t) = t**2 - 2*t + 1. Let n be 5*(-5)/(50/(-4)). Let g be d(n). Let q(j) = -j + j + 2 - 2*j + j. What is q(g)?
1
Let r(p) = -9*p + 4. Let a(l) = -8*l + 4. Let j(o) = 6*a(o) - 5*r(o). What is j(5)?
-11
Let d(x) = x**3 + 4*x**2 + 4*x + 4. Let c(o) = -3*o**2 + 13*o + 6. Let v be c(5). Give d(v).
-12
Let f(k) = -k. Let p(w) = -2*w**2 + 3*w + 3. Let i(a) = -2*f(a) + p(a). Give i(4).
-9
Let a(q) = 7*q**2 + 8*q + 1. Let g(v) = -11*v**2 - 12*v - 2. Let t(o) = 8*a(o) + 5*g(o). Let y(r) = r**2 - 7*r + 2. Let i be y(6). Determine t(i).
-2
Suppose 16 = -v - q - q, -4*v = 3*q + 39. Let t(b) = 2*b - 7. What is t(v)?
-19
Let j(y) = 12*y + 4. Let l(f) = 19*f + 11. Let m(t) = -t - 1. Let w(s) = -l(s) - 6*m(s). Let c(q) = 4*j(q) + 3*w(q). Calculate c(-1).
-8
Let g(u) = u**3 - 7*u**2 + 3*u. Let v = 24 - 18. What is g(v)?
-18
Let b be 3/(4 - 12/4). Let m(z) = -4 - b - 7*z + z**3 - 2*z**2 + 7*z**2. Give m(-6).
-1
Let o(f) = 8*f - 1. Let s = 23 - 22. Calculate o(s).
7
Let q be 12 - (-2)/(-2 + 3). Let g = q + -13. Let u(b) = 15*b**2 - b. Determine u(g).
14
Let n be (-45)/10 - (-3)/6. Let d(v) = -v**2 - v + 3. Determine d(n).
-9
Let q be (-12)/15 + 3/(-15). Let p(f) = 9*f**3 - f**2 + 1. Give p(q).
-9
Suppose 9*c + 10 = 14*c. Let b(p) be the second derivative of 0*p**c + 2/3*p**3 + 1/6*p**4 + 0 - 3*p - 1/20*p**5. What is b(3)?
3
Let c be (-5 - (-2 + -2)) + 4. Let v(i) = -i**2 + 2*i + 2. Calculate v(c).
-1
Let a(p) be the second derivative of p**4/12 + p**3/2 + 3*p**2/2 - 15*p. What is a(-4)?
7
Let m = 0 - 4. Let o(z) = 0*z - 6 - z + 2. Determine o(m).
0
Let c be 7 - (-2 - (-2 + 2)). Suppose -4*u + c = -7. Let g be -2*(-1 - -2) + u. Let l(t) = t**2 - t. What is l(g)?
2
Let b be 6 + (3 + -3 - 3). Let a(t) = t - 5. Let q be a(b). Let i(j) = -3*j**2 - 3*j - 3. Determine i(q).
-9
Let q = 5 + -8. Let c(j) be the third derivative of j**6/120 + j**5/15 + j**4/12 - j**3/3 + 7*j**2. Give c(q).
1
Let w(m) be the first derivative of -m**3/3 - m + 11. Let y be (-3)/9 - 6/9. Let s be y/(-2) + 10/(-4). Give w(s).
-5
Let u(c) = 3*c + 9. Let n(l) = -7*l - 19. Let y(r) = 4*n(r) + 9*u(r). Let f be y(4). Let x(t) = t. Give x(f).
1
Let m(o) be the third derivative of -o**6/360 + o**5/60 - o**4/8 - o**3/6 - 3*o**2. Let l(i) be the first derivative of m(i). What is l(3)?
-6
Let r(z) = z**2 - 3*z - 4. Let g(x) = x**3 - 5*x**2 + x. Suppose 2*q - 6 = f + 7, 5*q - 5*f = 40. Let w be g(q). Give r(w).
6
Let t(j) = 25 + j - 40 + 21. Let z(g) = -2*g + 8. Let h be z(7). Determine t(h).
0
Suppose -1 = 3*n + 11. Suppose i + 2*d = 0, 4*d + 8 = -5*i + 26. Let f(r) = -r**2 - 3*r + 4*r - 2 - i*r. Calculate f(n).
2
Let d(b) be the third derivative of -b**5/60 + b**4/24 + b**3/3 + 3*b**2. Give d(-2).
-4
Let q(z) = -z**3 - 6*z**2 - 5*z + 5. Let d = 15 - 1. Let t = 9 - d. Calculate q(t).
5
Let d(r) = -r**3 + r**2 - 1. Let x = 34 - 35. Determine d(x).
1
Let q(b) = b - 1. Let i(m) = -m**2 + 8*m + 1. Let t(s) = -i(s) + 5*q(s). Give t(5).
4
Suppose -12 + 2 = -5*n. Let h(u) = n*u**2 - 2*u**3 + u**2 + 0*u**2 + 3*u**3 - 2*u. What is h(-4)?
-8
Let q(g) = 5*g - 1. Let l = 11 + -11. Suppose 5*t - 5*n - 20 = l, -4*n + 3*n - 5 = 0. What is q(t)?
-6
Let i(y) = -2*y**2 + 3*y - 3. Let x be (4/(-5))/(4/(-100)). Let w = x + -12. Suppose -2*j = -3*b - 2, w = -2